{"id":128,"date":"2024-08-29T11:22:47","date_gmt":"2024-08-29T11:22:47","guid":{"rendered":"https:\/\/www.jerokortesniemi.com\/?page_id=128"},"modified":"2024-09-16T10:44:34","modified_gmt":"2024-09-16T10:44:34","slug":"basketbrains","status":"publish","type":"page","link":"https:\/\/www.jerokortesniemi.com\/index.php\/basketbrains\/","title":{"rendered":"Basketbrains"},"content":{"rendered":"\n<figure class=\"wp-block-image size-large\"><img loading=\"lazy\" decoding=\"async\" width=\"1024\" height=\"682\" src=\"https:\/\/www.jerokortesniemi.com\/wp-content\/uploads\/2024\/08\/gaussian-blue6-1024x682.png\" alt=\"\" class=\"wp-image-31\" srcset=\"https:\/\/www.jerokortesniemi.com\/wp-content\/uploads\/2024\/08\/gaussian-blue6-1024x682.png 1024w, https:\/\/www.jerokortesniemi.com\/wp-content\/uploads\/2024\/08\/gaussian-blue6-300x200.png 300w, https:\/\/www.jerokortesniemi.com\/wp-content\/uploads\/2024\/08\/gaussian-blue6-768x511.png 768w, https:\/\/www.jerokortesniemi.com\/wp-content\/uploads\/2024\/08\/gaussian-blue6.png 1232w\" sizes=\"auto, (max-width: 1024px) 100vw, 1024px\" \/><\/figure>\n\n\n\n<p>Basketbrains on kuvitteellinen koripallojoukkue, jonka tein harjoitusty\u00f6n\u00e4 itselleni. Ty\u00f6n tarkoituksena oli luoda uskottavan n\u00e4k\u00f6inen koripallojoukkue visuaaliseineen ilmeineen sek\u00e4 kasvattaa osaamista photoshopissa<\/p>\n\n\n\n<p>Ohjelmat: Photoshop, Illustrator<\/p>\n\n\n\n<figure class=\"wp-block-image size-large\"><img loading=\"lazy\" decoding=\"async\" width=\"1024\" height=\"776\" src=\"https:\/\/www.jerokortesniemi.com\/wp-content\/uploads\/2024\/08\/logot-01-1024x776.png\" alt=\"\" class=\"wp-image-32\" srcset=\"https:\/\/www.jerokortesniemi.com\/wp-content\/uploads\/2024\/08\/logot-01-1024x776.png 1024w, https:\/\/www.jerokortesniemi.com\/wp-content\/uploads\/2024\/08\/logot-01-300x227.png 300w, https:\/\/www.jerokortesniemi.com\/wp-content\/uploads\/2024\/08\/logot-01-768x582.png 768w, https:\/\/www.jerokortesniemi.com\/wp-content\/uploads\/2024\/08\/logot-01-1536x1164.png 1536w, https:\/\/www.jerokortesniemi.com\/wp-content\/uploads\/2024\/08\/logot-01-2048x1552.png 2048w\" sizes=\"auto, (max-width: 1024px) 100vw, 1024px\" \/><\/figure>\n\n\n\n<figure class=\"wp-block-image size-large\"><img loading=\"lazy\" decoding=\"async\" width=\"1024\" height=\"776\" src=\"https:\/\/www.jerokortesniemi.com\/wp-content\/uploads\/2024\/08\/basketbrains-asut-01-1024x776.png\" alt=\"\" class=\"wp-image-29\" srcset=\"https:\/\/www.jerokortesniemi.com\/wp-content\/uploads\/2024\/08\/basketbrains-asut-01-1024x776.png 1024w, https:\/\/www.jerokortesniemi.com\/wp-content\/uploads\/2024\/08\/basketbrains-asut-01-300x227.png 300w, https:\/\/www.jerokortesniemi.com\/wp-content\/uploads\/2024\/08\/basketbrains-asut-01-768x582.png 768w, https:\/\/www.jerokortesniemi.com\/wp-content\/uploads\/2024\/08\/basketbrains-asut-01-1536x1164.png 1536w, https:\/\/www.jerokortesniemi.com\/wp-content\/uploads\/2024\/08\/basketbrains-asut-01-2048x1552.png 2048w\" sizes=\"auto, (max-width: 1024px) 100vw, 1024px\" \/><\/figure>\n\n\n\n<figure class=\"wp-block-image size-large\"><img loading=\"lazy\" decoding=\"async\" width=\"1024\" height=\"774\" src=\"https:\/\/www.jerokortesniemi.com\/wp-content\/uploads\/2024\/08\/latsat-01-1024x774.png\" alt=\"\" class=\"wp-image-33\" srcset=\"https:\/\/www.jerokortesniemi.com\/wp-content\/uploads\/2024\/08\/latsat-01-1024x774.png 1024w, https:\/\/www.jerokortesniemi.com\/wp-content\/uploads\/2024\/08\/latsat-01-300x227.png 300w, https:\/\/www.jerokortesniemi.com\/wp-content\/uploads\/2024\/08\/latsat-01-768x581.png 768w, https:\/\/www.jerokortesniemi.com\/wp-content\/uploads\/2024\/08\/latsat-01-1536x1161.png 1536w, https:\/\/www.jerokortesniemi.com\/wp-content\/uploads\/2024\/08\/latsat-01.png 1758w\" sizes=\"auto, (max-width: 1024px) 100vw, 1024px\" \/><\/figure>\n\n\n\n<figure class=\"wp-block-image size-large\"><img loading=\"lazy\" decoding=\"async\" width=\"683\" height=\"1024\" src=\"https:\/\/www.jerokortesniemi.com\/wp-content\/uploads\/2024\/08\/mind-in-the-game-01-683x1024.png\" alt=\"\" class=\"wp-image-34\" srcset=\"https:\/\/www.jerokortesniemi.com\/wp-content\/uploads\/2024\/08\/mind-in-the-game-01-683x1024.png 683w, https:\/\/www.jerokortesniemi.com\/wp-content\/uploads\/2024\/08\/mind-in-the-game-01-200x300.png 200w, https:\/\/www.jerokortesniemi.com\/wp-content\/uploads\/2024\/08\/mind-in-the-game-01-768x1152.png 768w, https:\/\/www.jerokortesniemi.com\/wp-content\/uploads\/2024\/08\/mind-in-the-game-01.png 922w\" sizes=\"auto, (max-width: 683px) 100vw, 683px\" \/><\/figure>\n\n\n\n<div class=\"wp-block-buttons is-layout-flex wp-block-buttons-is-layout-flex\">\n<div class=\"wp-block-button\"><a class=\"wp-block-button__link wp-element-button\" href=\"https:\/\/www.jerokortesniemi.com\/\">Takaisin etusivulle<\/a><\/div>\n<\/div>\n","protected":false},"excerpt":{"rendered":"<p>Basketbrains on kuvitteellinen koripallojoukkue, jonka tein harjoitusty\u00f6n\u00e4 itselleni. Ty\u00f6n tarkoituksena oli luoda uskottavan n\u00e4k\u00f6inen koripallojoukkue visuaaliseineen ilmeineen sek\u00e4 kasvattaa osaamista photoshopissa Ohjelmat: Photoshop, Illustrator<\/p>\n","protected":false},"author":1,"featured_media":0,"parent":0,"menu_order":0,"comment_status":"closed","ping_status":"closed","template":"","meta":{"footnotes":""},"class_list":["post-128","page","type-page","status-publish","hentry"],"_links":{"self":[{"href":"https:\/\/www.jerokortesniemi.com\/index.php\/wp-json\/wp\/v2\/pages\/128","targetHints":{"allow":["GET"]}}],"collection":[{"href":"https:\/\/www.jerokortesniemi.com\/index.php\/wp-json\/wp\/v2\/pages"}],"about":[{"href":"https:\/\/www.jerokortesniemi.com\/index.php\/wp-json\/wp\/v2\/types\/page"}],"author":[{"embeddable":true,"href":"https:\/\/www.jerokortesniemi.com\/index.php\/wp-json\/wp\/v2\/users\/1"}],"replies":[{"embeddable":true,"href":"https:\/\/www.jerokortesniemi.com\/index.php\/wp-json\/wp\/v2\/comments?post=128"}],"version-history":[{"count":4,"href":"https:\/\/www.jerokortesniemi.com\/index.php\/wp-json\/wp\/v2\/pages\/128\/revisions"}],"predecessor-version":[{"id":483,"href":"https:\/\/www.jerokortesniemi.com\/index.php\/wp-json\/wp\/v2\/pages\/128\/revisions\/483"}],"wp:attachment":[{"href":"https:\/\/www.jerokortesniemi.com\/index.php\/wp-json\/wp\/v2\/media?parent=128"}],"curies":[{"name":"wp","href":"https:\/\/api.w.org\/{rel}","templated":true}]}}