{"id":494,"date":"2024-12-03T20:21:33","date_gmt":"2024-12-03T20:21:33","guid":{"rendered":"https:\/\/www.jerokortesniemi.com\/?page_id=494"},"modified":"2024-12-03T20:21:33","modified_gmt":"2024-12-03T20:21:33","slug":"colmec-oy","status":"publish","type":"page","link":"https:\/\/www.jerokortesniemi.com\/index.php\/colmec-oy\/","title":{"rendered":"Colmec Oy"},"content":{"rendered":"\n<p>Palkkat\u00f6iss\u00e4ni Colmec Oy:lle olin markkinointip\u00e4\u00e4llik\u00f6n apulaisena. P\u00e4\u00e4sin tekem\u00e4\u00e4n kaikenlaista Google Adsista messuosaston toteuttamiseen. Ty\u00f6skentelin my\u00f6s tyt\u00e4ryhti\u00f6 Bandaris Oy:ss\u00e4, jossa toimintani oli itsen\u00e4ist\u00e4.<\/p>\n\n\n\n<figure class=\"wp-block-image size-full\"><img loading=\"lazy\" decoding=\"async\" width=\"1000\" height=\"770\" src=\"https:\/\/www.jerokortesniemi.com\/wp-content\/uploads\/2024\/12\/Colmec-Kuljetus2023-Malli.png\" alt=\"\" class=\"wp-image-531\" srcset=\"https:\/\/www.jerokortesniemi.com\/wp-content\/uploads\/2024\/12\/Colmec-Kuljetus2023-Malli.png 1000w, https:\/\/www.jerokortesniemi.com\/wp-content\/uploads\/2024\/12\/Colmec-Kuljetus2023-Malli-300x231.png 300w, https:\/\/www.jerokortesniemi.com\/wp-content\/uploads\/2024\/12\/Colmec-Kuljetus2023-Malli-768x591.png 768w\" sizes=\"auto, (max-width: 1000px) 100vw, 1000px\" \/><\/figure>\n\n\n\n<figure class=\"wp-block-image size-large\"><img loading=\"lazy\" decoding=\"async\" width=\"1024\" height=\"536\" src=\"https:\/\/www.jerokortesniemi.com\/wp-content\/uploads\/2024\/12\/Kuljetus2023-1-1024x536.jpg\" alt=\"\" class=\"wp-image-535\" srcset=\"https:\/\/www.jerokortesniemi.com\/wp-content\/uploads\/2024\/12\/Kuljetus2023-1-1024x536.jpg 1024w, https:\/\/www.jerokortesniemi.com\/wp-content\/uploads\/2024\/12\/Kuljetus2023-1-300x157.jpg 300w, https:\/\/www.jerokortesniemi.com\/wp-content\/uploads\/2024\/12\/Kuljetus2023-1-768x402.jpg 768w, https:\/\/www.jerokortesniemi.com\/wp-content\/uploads\/2024\/12\/Kuljetus2023-1-1536x805.jpg 1536w, https:\/\/www.jerokortesniemi.com\/wp-content\/uploads\/2024\/12\/Kuljetus2023-1.jpg 1913w\" sizes=\"auto, (max-width: 1024px) 100vw, 1024px\" \/><\/figure>\n\n\n\n<figure class=\"wp-block-image size-large\"><img loading=\"lazy\" decoding=\"async\" width=\"1024\" height=\"768\" src=\"https:\/\/www.jerokortesniemi.com\/wp-content\/uploads\/2024\/12\/Kuljetus2023-3-1024x768.jpg\" alt=\"\" class=\"wp-image-534\" srcset=\"https:\/\/www.jerokortesniemi.com\/wp-content\/uploads\/2024\/12\/Kuljetus2023-3-1024x768.jpg 1024w, https:\/\/www.jerokortesniemi.com\/wp-content\/uploads\/2024\/12\/Kuljetus2023-3-300x225.jpg 300w, https:\/\/www.jerokortesniemi.com\/wp-content\/uploads\/2024\/12\/Kuljetus2023-3-768x576.jpg 768w, https:\/\/www.jerokortesniemi.com\/wp-content\/uploads\/2024\/12\/Kuljetus2023-3-1536x1152.jpg 1536w, https:\/\/www.jerokortesniemi.com\/wp-content\/uploads\/2024\/12\/Kuljetus2023-3-2048x1536.jpg 2048w\" sizes=\"auto, (max-width: 1024px) 100vw, 1024px\" \/><figcaption class=\"wp-element-caption\">Messuosasto<\/figcaption><\/figure>\n\n\n\n<figure class=\"wp-block-image size-large\"><img loading=\"lazy\" decoding=\"async\" width=\"1024\" height=\"1024\" src=\"https:\/\/www.jerokortesniemi.com\/wp-content\/uploads\/2024\/12\/paasiainen-1024x1024.png\" alt=\"\" class=\"wp-image-532\" srcset=\"https:\/\/www.jerokortesniemi.com\/wp-content\/uploads\/2024\/12\/paasiainen-1024x1024.png 1024w, https:\/\/www.jerokortesniemi.com\/wp-content\/uploads\/2024\/12\/paasiainen-300x300.png 300w, https:\/\/www.jerokortesniemi.com\/wp-content\/uploads\/2024\/12\/paasiainen-150x150.png 150w, https:\/\/www.jerokortesniemi.com\/wp-content\/uploads\/2024\/12\/paasiainen-768x768.png 768w, https:\/\/www.jerokortesniemi.com\/wp-content\/uploads\/2024\/12\/paasiainen-1536x1536.png 1536w, https:\/\/www.jerokortesniemi.com\/wp-content\/uploads\/2024\/12\/paasiainen-2048x2048.png 2048w\" sizes=\"auto, (max-width: 1024px) 100vw, 1024px\" \/><figcaption class=\"wp-element-caption\">P\u00e4\u00e4si\u00e4istoivotus<\/figcaption><\/figure>\n\n\n\n<figure class=\"wp-block-image size-large\"><img loading=\"lazy\" decoding=\"async\" width=\"1024\" height=\"1024\" src=\"https:\/\/www.jerokortesniemi.com\/wp-content\/uploads\/2024\/12\/rc_continental-1-1024x1024.png\" alt=\"\" class=\"wp-image-536\" srcset=\"https:\/\/www.jerokortesniemi.com\/wp-content\/uploads\/2024\/12\/rc_continental-1-1024x1024.png 1024w, https:\/\/www.jerokortesniemi.com\/wp-content\/uploads\/2024\/12\/rc_continental-1-300x300.png 300w, https:\/\/www.jerokortesniemi.com\/wp-content\/uploads\/2024\/12\/rc_continental-1-150x150.png 150w, https:\/\/www.jerokortesniemi.com\/wp-content\/uploads\/2024\/12\/rc_continental-1-768x768.png 768w, https:\/\/www.jerokortesniemi.com\/wp-content\/uploads\/2024\/12\/rc_continental-1-1536x1536.png 1536w, https:\/\/www.jerokortesniemi.com\/wp-content\/uploads\/2024\/12\/rc_continental-1-2048x2048.png 2048w\" sizes=\"auto, (max-width: 1024px) 100vw, 1024px\" \/><figcaption class=\"wp-element-caption\">Googlessa n\u00e4ytetty rengasmainos<\/figcaption><\/figure>\n\n\n\n<p>Nettisivut joiden parissa ty\u00f6skentelin:<\/p>\n\n\n\n<p>www.bandaris.fi<\/p>\n\n\n\n<p>www.rengasrekka.fi<\/p>\n\n\n\n<div class=\"wp-block-buttons is-layout-flex wp-block-buttons-is-layout-flex\">\n<div class=\"wp-block-button\"><a class=\"wp-block-button__link wp-element-button\" href=\"https:\/\/www.jerokortesniemi.com\/\">Takaisin etusivulle<\/a><\/div>\n<\/div>\n","protected":false},"excerpt":{"rendered":"<p>Palkkat\u00f6iss\u00e4ni Colmec Oy:lle olin markkinointip\u00e4\u00e4llik\u00f6n apulaisena. P\u00e4\u00e4sin tekem\u00e4\u00e4n kaikenlaista Google Adsista messuosaston toteuttamiseen. Ty\u00f6skentelin my\u00f6s tyt\u00e4ryhti\u00f6 Bandaris Oy:ss\u00e4, jossa toimintani oli itsen\u00e4ist\u00e4. Nettisivut joiden parissa ty\u00f6skentelin: www.bandaris.fi www.rengasrekka.fi<\/p>\n","protected":false},"author":1,"featured_media":0,"parent":0,"menu_order":0,"comment_status":"closed","ping_status":"closed","template":"","meta":{"footnotes":""},"class_list":["post-494","page","type-page","status-publish","hentry"],"_links":{"self":[{"href":"https:\/\/www.jerokortesniemi.com\/index.php\/wp-json\/wp\/v2\/pages\/494","targetHints":{"allow":["GET"]}}],"collection":[{"href":"https:\/\/www.jerokortesniemi.com\/index.php\/wp-json\/wp\/v2\/pages"}],"about":[{"href":"https:\/\/www.jerokortesniemi.com\/index.php\/wp-json\/wp\/v2\/types\/page"}],"author":[{"embeddable":true,"href":"https:\/\/www.jerokortesniemi.com\/index.php\/wp-json\/wp\/v2\/users\/1"}],"replies":[{"embeddable":true,"href":"https:\/\/www.jerokortesniemi.com\/index.php\/wp-json\/wp\/v2\/comments?post=494"}],"version-history":[{"count":2,"href":"https:\/\/www.jerokortesniemi.com\/index.php\/wp-json\/wp\/v2\/pages\/494\/revisions"}],"predecessor-version":[{"id":537,"href":"https:\/\/www.jerokortesniemi.com\/index.php\/wp-json\/wp\/v2\/pages\/494\/revisions\/537"}],"wp:attachment":[{"href":"https:\/\/www.jerokortesniemi.com\/index.php\/wp-json\/wp\/v2\/media?parent=494"}],"curies":[{"name":"wp","href":"https:\/\/api.w.org\/{rel}","templated":true}]}}